{"id":225,"date":"2024-05-06T13:09:07","date_gmt":"2024-05-06T11:09:07","guid":{"rendered":"https:\/\/chiesainrete.ch\/parrocchiavezia\/?page_id=225"},"modified":"2024-05-06T13:09:09","modified_gmt":"2024-05-06T11:09:09","slug":"cresima","status":"publish","type":"page","link":"https:\/\/chiesainrete.ch\/parrocchiavezia\/cresima\/","title":{"rendered":"Cresima"},"content":{"rendered":"\n<p>Il sacramento della Cresima o della Confermazione \u00e8 il terzo sacramento dell\u2019iniziazione cristiana che i fedeli ricevono e viene a&nbsp;portare alla maturit\u00e0 la loro fede in Dio: rinati nel Battesimo, nutriti dall\u2019Eucaristia, sono corroborati dalla Confermazione. Secondo la disciplina del sacramento, la Cresima \u00e8 ricevuta dai ragazzi e giovani che sono arrivati all\u2019et\u00e0 in cui sono capaci di capire e vivere in modo personale la fede ricevuta nel giorno del Battesimo.<\/p>\n\n\n\n<p class=\"has-text-align-center\"><strong>Per vedere le informazioni che riguardano il cammino di preparazione dei ragazzi a questo sacramento nella nostra comunit\u00e0 parrocchiale apri la pagina: <a href=\"https:\/\/chiesainrete.ch\/parrocchiavezia\/gruppi-e-attivita\/\" target=\"_blank\" rel=\"noreferrer noopener\">Preparazione alla Cresima<\/a><\/strong><\/p>\n\n\n\n<p class=\"has-text-align-center\"><strong>Per avere informazioni sulla preparazione degli adulti al sacramento della Cresima, contatta il <a href=\"https:\/\/chiesainrete.ch\/parrocchiavezia\/contatti\/\" target=\"_blank\" rel=\"noreferrer noopener\">parroco<\/a>.<\/strong><\/p>\n\n\n\n<p><strong>Qual \u00e8 il posto della Confermazione nel disegno divino della salvezza?<br><\/strong>Nell\u2019Antico Testamento, i profeti hanno annunziato la comunicazione dello Spirito del Signore al Messia atteso e a tutto il popolo messianico. Tutta la vita e la missione di Ges\u00f9 si svolgono in una totale comunione con lo Spirito Santo. Gli Apostoli ricevono lo Spirito Santo nella Pentecoste e annunziano \u00able grandi opere di Dio\u00bb&nbsp;<em>(At&nbsp;<\/em>2,11). Essi comunicano ai neo battezzati, attraverso l\u2019imposizione delle mani, il dono dello stesso Spirito. Lungo i secoli la Chiesa ha continuato a vivere dello Spirito e a comunicarlo ai suoi figli.<\/p>\n\n\n\n<p><strong>Perch\u00e9 si chiama&nbsp;<em>Cresima o<\/em>&nbsp;<em>Confermazione?<br><\/em><\/strong>Si chiama&nbsp;<em>Cresima&nbsp;<\/em>(nelle Chiese Orientali:<em>&nbsp;Crismazione<\/em>&nbsp;col Santo&nbsp;<em>Myron<\/em>) a motivo del suo rito essenziale che \u00e8 l\u2019unzione. Si chiama&nbsp;<em>Confermazione,&nbsp;<\/em>perch\u00e9 conferma e rafforza la grazia battesimale.<\/p>\n\n\n\n<p><strong>Qual \u00e8 il rito essenziale della Confermazione?<br><\/strong>Il rito essenziale della Confermazione \u00e8 l\u2019unzione con il sacro crisma (olio misto con balsamo, consacrato dal Vescovo), che si fa con l\u2019imposizione della mano da parte del ministro che pronunzia le parole sacramentali proprie del rito. In Occidente, tale unzione viene fatta sulla fronte del battezzato con le parole: \u00abRicevi il sigillo dello Spirito Santo che ti \u00e8 dato in dono\u00bb. Presso le Chiese Orientali di rito bizantino, l\u2019unzione viene fatta anche su altre parti del corpo, con la formula: \u00abSigillo del dono dello Spirito Santo\u00bb.<\/p>\n\n\n\n<p><strong>Qual \u00e8 l\u2019effetto della Confermazione?<br><\/strong>L\u2019effetto della Confermazione \u00e8 la speciale effusione dello Spirito Santo, come quella della Pentecoste. Tale effusione imprime nell\u2019anima un carattere indelebile e apporta una crescita della grazia battesimale: radica pi\u00f9 profondamente nella fili azione divina; unisce pi\u00f9 saldamente a Cristo e alla sua Chiesa; rinvigorisce nell\u2019anima i doni dello Spirito Santo; dona una speciale forza per testimoniare la fede cristiana.<\/p>\n\n\n\n<p><strong>Chi pu\u00f2 ricevere questo Sacramento?<br><\/strong>Pu\u00f2 e deve riceverlo, una volta sola, chi \u00e8 gi\u00e0 stato battezzato, il quale, per riceverlo efficacemente, dev\u2019essere in stato di grazia.<\/p>\n\n\n\n<p><strong>Chi \u00e8 il ministro della Confermazione?<br><\/strong>Ministro originario \u00e8 il Vescovo. Si manifesta cosi il legame del cresimato con la Chiesa nella sua dimensione apostolica. Quando \u00e8 il presbitero a conferire tale sacramento \u2013 come avviene ordinariamente in Oriente e in casi particolari in Occidente -, il legame col Vescovo e con la Chiesa \u00e8 espresso dal presbitero, collaboratore del Vescovo, e dal sacro crisma, consacrato dal Vescovo stesso.<\/p>\n\n\n\n<p>(<em>Compendio del Catechismo della Chiesa Cattolica<\/em>&nbsp;nn. 265-270)<\/p>\n","protected":false},"excerpt":{"rendered":"<p>Il sacramento della Cresima o della Confermazione \u00e8 il terzo sacramento dell\u2019iniziazione cristiana che i fedeli ricevono e viene a&nbsp;portare alla maturit\u00e0 la loro fede in Dio: rinati nel Battesimo, [&hellip;]<\/p>\n","protected":false},"author":29,"featured_media":226,"parent":0,"menu_order":0,"comment_status":"closed","ping_status":"closed","template":"","meta":{"_uag_custom_page_level_css":"","footnotes":""},"class_list":["post-225","page","type-page","status-publish","has-post-thumbnail","hentry"],"uagb_featured_image_src":{"full":["https:\/\/chiesainrete.ch\/parrocchiavezia\/wp-content\/uploads\/sites\/4\/2024\/05\/cres.jpg",800,575,false],"thumbnail":["https:\/\/chiesainrete.ch\/parrocchiavezia\/wp-content\/uploads\/sites\/4\/2024\/05\/cres-150x150.jpg",150,150,true],"medium":["https:\/\/chiesainrete.ch\/parrocchiavezia\/wp-content\/uploads\/sites\/4\/2024\/05\/cres-300x216.jpg",300,216,true],"medium_large":["https:\/\/chiesainrete.ch\/parrocchiavezia\/wp-content\/uploads\/sites\/4\/2024\/05\/cres-768x552.jpg",640,460,true],"large":["https:\/\/chiesainrete.ch\/parrocchiavezia\/wp-content\/uploads\/sites\/4\/2024\/05\/cres.jpg",640,460,false],"1536x1536":["https:\/\/chiesainrete.ch\/parrocchiavezia\/wp-content\/uploads\/sites\/4\/2024\/05\/cres.jpg",800,575,false],"2048x2048":["https:\/\/chiesainrete.ch\/parrocchiavezia\/wp-content\/uploads\/sites\/4\/2024\/05\/cres.jpg",800,575,false],"ogma-news-block-medium":["https:\/\/chiesainrete.ch\/parrocchiavezia\/wp-content\/uploads\/sites\/4\/2024\/05\/cres-660x470.jpg",660,470,true],"ogma-news-banner":["https:\/\/chiesainrete.ch\/parrocchiavezia\/wp-content\/uploads\/sites\/4\/2024\/05\/cres.jpg",800,575,false]},"uagb_author_info":{"display_name":"don Giustino","author_link":"https:\/\/chiesainrete.ch\/parrocchiavezia\/author\/dongiustino\/"},"uagb_comment_info":0,"uagb_excerpt":"Il sacramento della Cresima o della Confermazione \u00e8 il terzo sacramento dell\u2019iniziazione cristiana che i fedeli ricevono e viene a&nbsp;portare alla maturit\u00e0 la loro fede in Dio: rinati nel Battesimo, [&hellip;]","_links":{"self":[{"href":"https:\/\/chiesainrete.ch\/parrocchiavezia\/wp-json\/wp\/v2\/pages\/225","targetHints":{"allow":["GET"]}}],"collection":[{"href":"https:\/\/chiesainrete.ch\/parrocchiavezia\/wp-json\/wp\/v2\/pages"}],"about":[{"href":"https:\/\/chiesainrete.ch\/parrocchiavezia\/wp-json\/wp\/v2\/types\/page"}],"author":[{"embeddable":true,"href":"https:\/\/chiesainrete.ch\/parrocchiavezia\/wp-json\/wp\/v2\/users\/29"}],"replies":[{"embeddable":true,"href":"https:\/\/chiesainrete.ch\/parrocchiavezia\/wp-json\/wp\/v2\/comments?post=225"}],"version-history":[{"count":0,"href":"https:\/\/chiesainrete.ch\/parrocchiavezia\/wp-json\/wp\/v2\/pages\/225\/revisions"}],"wp:featuredmedia":[{"embeddable":true,"href":"https:\/\/chiesainrete.ch\/parrocchiavezia\/wp-json\/wp\/v2\/media\/226"}],"wp:attachment":[{"href":"https:\/\/chiesainrete.ch\/parrocchiavezia\/wp-json\/wp\/v2\/media?parent=225"}],"curies":[{"name":"wp","href":"https:\/\/api.w.org\/{rel}","templated":true}]}}